{"id":235,"date":"2016-11-14T13:34:36","date_gmt":"2016-11-14T12:34:36","guid":{"rendered":"http:\/\/das-kloeppelmuseum.de\/?page_id=235"},"modified":"2017-04-20T13:42:55","modified_gmt":"2017-04-20T11:42:55","slug":"tradition","status":"publish","type":"page","link":"http:\/\/das-kloeppelmuseum.de\/en\/tradition\/","title":{"rendered":"Tradition"},"content":{"rendered":"<h1 style=\"text-align: center;\"><\/h1>\r\n<h1 id=\"post-title\" style=\"text-align: center;\">Die Frankenwaldspitze<\/h1>\r\n&nbsp;\r\n\r\n<a href=\"http:\/\/das-kloeppelmuseum.de\/wp-content\/uploads\/2017\/04\/Frankenwaldspitze_gerade.jpg\"><img loading=\"lazy\" decoding=\"async\" class=\"aligncenter wp-image-1969 \" src=\"http:\/\/das-kloeppelmuseum.de\/wp-content\/uploads\/2017\/04\/Frankenwaldspitze_gerade-200x151.jpg\" alt=\"OLYMPUS DIGITAL CAMERA\" width=\"294\" height=\"222\" srcset=\"http:\/\/das-kloeppelmuseum.de\/wp-content\/uploads\/2017\/04\/Frankenwaldspitze_gerade-200x151.jpg 200w, http:\/\/das-kloeppelmuseum.de\/wp-content\/uploads\/2017\/04\/Frankenwaldspitze_gerade-768x579.jpg 768w, http:\/\/das-kloeppelmuseum.de\/wp-content\/uploads\/2017\/04\/Frankenwaldspitze_gerade.jpg 816w\" sizes=\"auto, (max-width: 294px) 100vw, 294px\" \/><\/a>\r\n<p style=\"text-align: center;\"><\/p>\r\n<p style=\"text-align: center;\">Mit dem Einzug von farbigem Garn in die Kl\u00f6ppelspitze, verbindet sich der Name der langj\u00e4hrigen Schulleiterin Hermine Stutzig.\r\nSie entwarf die allseits, auch weit \u00fcber die fr\u00e4nkischen Grenzen hinaus, bekannte Frankenwaldspitze.<\/p>\r\n\r\n<div class=\"twelve columns\">\r\n<p style=\"text-align: center;\">Das Frankenwaldmuster wird in der Kl\u00f6ppelschule Nordhalben gearbeitet, und spiegelt den Charakter der Landschaft wieder\u00a0 &#8211; es stellt stilisierte Fichtenb\u00e4umchen dar.\r\nDie gr\u00fcnen B\u00e4umchen aus Formenschl\u00e4gen\u00a0sind von einem mit Drehungen unterbrochenen Leinenschlag umgeben.<\/p>\r\n<p style=\"text-align: center;\">Dieses Muster gibt es in vielen Varianten, mit geradem oder gebogtem Spitzenabschluss.<\/p>\r\n<p style=\"text-align: center;\"><a href=\"http:\/\/das-kloeppelmuseum.de\/wp-content\/uploads\/2017\/04\/Frankenwaldspitze_gebogt.jpg\"><img loading=\"lazy\" decoding=\"async\" class=\" wp-image-1970 aligncenter\" src=\"http:\/\/das-kloeppelmuseum.de\/wp-content\/uploads\/2017\/04\/Frankenwaldspitze_gebogt-200x150.jpg\" alt=\"OLYMPUS DIGITAL CAMERA\" width=\"320\" height=\"240\" srcset=\"http:\/\/das-kloeppelmuseum.de\/wp-content\/uploads\/2017\/04\/Frankenwaldspitze_gebogt-200x150.jpg 200w, http:\/\/das-kloeppelmuseum.de\/wp-content\/uploads\/2017\/04\/Frankenwaldspitze_gebogt-768x578.jpg 768w, http:\/\/das-kloeppelmuseum.de\/wp-content\/uploads\/2017\/04\/Frankenwaldspitze_gebogt.jpg 816w\" sizes=\"auto, (max-width: 320px) 100vw, 320px\" \/><\/a><\/p>\r\n&nbsp;\r\n\r\n<\/div>\r\n&nbsp;","protected":false},"excerpt":{"rendered":"<p>Die Frankenwaldspitze &nbsp; Mit dem Einzug von farbigem Garn in die Kl\u00f6ppelspitze, verbindet sich der Name der langj\u00e4hrigen Schulleiterin Hermine Stutzig. Sie entwarf die allseits, auch weit \u00fcber die fr\u00e4nkischen Grenzen hinaus, bekannte Frankenwaldspitze. Das Frankenwaldmuster wird in der Kl\u00f6ppelschule Nordhalben gearbeitet, und spiegelt den Charakter der Landschaft wieder\u00a0 &#8211; es stellt stilisierte Fichtenb\u00e4umchen dar.&hellip;<\/p>\n","protected":false},"author":1,"featured_media":0,"parent":0,"menu_order":0,"comment_status":"closed","ping_status":"closed","template":"","meta":{"footnotes":""},"class_list":["post-235","page","type-page","status-publish","hentry","no-post-thumbnail","post-grid-2-col","entry"],"_links":{"self":[{"href":"http:\/\/das-kloeppelmuseum.de\/en\/wp-json\/wp\/v2\/pages\/235","targetHints":{"allow":["GET"]}}],"collection":[{"href":"http:\/\/das-kloeppelmuseum.de\/en\/wp-json\/wp\/v2\/pages"}],"about":[{"href":"http:\/\/das-kloeppelmuseum.de\/en\/wp-json\/wp\/v2\/types\/page"}],"author":[{"embeddable":true,"href":"http:\/\/das-kloeppelmuseum.de\/en\/wp-json\/wp\/v2\/users\/1"}],"replies":[{"embeddable":true,"href":"http:\/\/das-kloeppelmuseum.de\/en\/wp-json\/wp\/v2\/comments?post=235"}],"version-history":[{"count":42,"href":"http:\/\/das-kloeppelmuseum.de\/en\/wp-json\/wp\/v2\/pages\/235\/revisions"}],"predecessor-version":[{"id":2135,"href":"http:\/\/das-kloeppelmuseum.de\/en\/wp-json\/wp\/v2\/pages\/235\/revisions\/2135"}],"wp:attachment":[{"href":"http:\/\/das-kloeppelmuseum.de\/en\/wp-json\/wp\/v2\/media?parent=235"}],"curies":[{"name":"wp","href":"https:\/\/api.w.org\/{rel}","templated":true}]}}

<h1 style="text-align: center;"></h1>
<h1 id="post-title" style="text-align: center;">Die Frankenwaldspitze</h1>
&nbsp;

<a href="http://das-kloeppelmuseum.de/wp-content/uploads/2017/04/Frankenwaldspitze_gerade.jpg"><img loading="lazy" decoding="async" class="aligncenter wp-image-1969 " src="http://das-kloeppelmuseum.de/wp-content/uploads/2017/04/Frankenwaldspitze_gerade-200x151.jpg" alt="OLYMPUS DIGITAL CAMERA" width="294" height="222" srcset="http://das-kloeppelmuseum.de/wp-content/uploads/2017/04/Frankenwaldspitze_gerade-200x151.jpg 200w, http://das-kloeppelmuseum.de/wp-content/uploads/2017/04/Frankenwaldspitze_gerade-768x579.jpg 768w, http://das-kloeppelmuseum.de/wp-content/uploads/2017/04/Frankenwaldspitze_gerade.jpg 816w" sizes="auto, (max-width: 294px) 100vw, 294px" /></a>
<p style="text-align: center;"></p>
<p style="text-align: center;">Mit dem Einzug von farbigem Garn in die Klöppelspitze, verbindet sich der Name der langjährigen Schulleiterin Hermine Stutzig.
Sie entwarf die allseits, auch weit über die fränkischen Grenzen hinaus, bekannte Frankenwaldspitze.</p>

<div class="twelve columns">
<p style="text-align: center;">Das Frankenwaldmuster wird in der Klöppelschule Nordhalben gearbeitet, und spiegelt den Charakter der Landschaft wieder  &#8211; es stellt stilisierte Fichtenbäumchen dar.
Die grünen Bäumchen aus Formenschlägen sind von einem mit Drehungen unterbrochenen Leinenschlag umgeben.</p>
<p style="text-align: center;">Dieses Muster gibt es in vielen Varianten, mit geradem oder gebogtem Spitzenabschluss.</p>
<p style="text-align: center;"><a href="http://das-kloeppelmuseum.de/wp-content/uploads/2017/04/Frankenwaldspitze_gebogt.jpg"><img loading="lazy" decoding="async" class=" wp-image-1970 aligncenter" src="http://das-kloeppelmuseum.de/wp-content/uploads/2017/04/Frankenwaldspitze_gebogt-200x150.jpg" alt="OLYMPUS DIGITAL CAMERA" width="320" height="240" srcset="http://das-kloeppelmuseum.de/wp-content/uploads/2017/04/Frankenwaldspitze_gebogt-200x150.jpg 200w, http://das-kloeppelmuseum.de/wp-content/uploads/2017/04/Frankenwaldspitze_gebogt-768x578.jpg 768w, http://das-kloeppelmuseum.de/wp-content/uploads/2017/04/Frankenwaldspitze_gebogt.jpg 816w" sizes="auto, (max-width: 320px) 100vw, 320px" /></a></p>
&nbsp;

</div>
&nbsp;

<p>Die Frankenwaldspitze &nbsp; Mit dem Einzug von farbigem Garn in die Klöppelspitze, verbindet sich der Name der langjährigen Schulleiterin Hermine Stutzig. Sie entwarf die allseits, auch weit über die fränkischen Grenzen hinaus, bekannte Frankenwaldspitze. Das Frankenwaldmuster wird in der Klöppelschule Nordhalben gearbeitet, und spiegelt den Charakter der Landschaft wieder  &#8211; es stellt stilisierte Fichtenbäumchen dar.&hellip;</p>
