{"id":1803,"date":"2017-04-11T22:59:24","date_gmt":"2017-04-11T20:59:24","guid":{"rendered":"http:\/\/das-kloeppelmuseum.de\/?page_id=1803"},"modified":"2017-05-18T12:23:32","modified_gmt":"2017-05-18T10:23:32","slug":"workshops","status":"publish","type":"page","link":"http:\/\/das-kloeppelmuseum.de\/en\/workshops\/","title":{"rendered":"Workshops"},"content":{"rendered":"<h2 style=\"text-align: center;\">DAS Kl\u00f6ppelmuseum veranstaltet Workshops<\/h2>\r\n&nbsp;\r\n<h3 style=\"text-align: center;\"><span style=\"color: #993366;\"><strong>Wochenend \u2013 Powerworkshop &#8220;Natur&#8221; und mehr<\/strong><\/span><\/h3>\r\n<p style=\"text-align: center;\"><strong>Kurstermin:<\/strong> 10.06.\/ 11.06.2017 <em>Anmeldeschluss: 26.05.2017<\/em><\/p>\r\nGeeignet ist der Kurs f\u00fcr Fortgeschrittene und Neueinsteiger. Wir kl\u00f6ppeln Muster aus der Natur. Nat\u00fcrlich k\u00f6nnen Sie auch eigene Muster oder \u201eProblemf\u00e4lle\u201c mitbringen. Wir werden versuchen individuell auf ihre W\u00fcnsche einzugehen.\r\n\r\n<strong>Kurszeiten: <\/strong>9 Uhr \u2013 12 Uhr und 13 Uhr \u2013 16 Uhr\r\n\r\n<strong>Kursgeb\u00fchr: 75 \u20ac<\/strong>\r\n<p style=\"text-align: center;\"><em>\u00a0<\/em><\/p>\r\n<p style=\"text-align: center;\"><strong><span style=\"color: #993366; font-family: 'Calibri',sans-serif; font-size: 14pt;\">Wochenend \u2013 Powerworkshop \u201eSchmuck\u201c <\/span><\/strong><\/p>\r\n<p style=\"text-align: center;\"><strong><span style=\"color: #454545; font-family: 'Calibri',sans-serif; font-size: 12pt;\">Kurstermin:<\/span><\/strong><span style=\"font-family: Calibri;\"> 22.07.\/ 23.07.2017 Anmeldeschluss: 07.07.2017<\/span><\/p>\r\n<span style=\"font-family: Calibri;\">Geeignet ist der Kurs f\u00fcr Fortgeschrittene und Neueinsteiger. Schmuckst\u00fccke mit und ohne zus\u00e4tzliches Material. Perlen, Holzst\u00fccke, Filz.. der Phantasie sind keine Grenzen gesetzt. Probieren Sie sich aus!<\/span>\r\n\r\n<span style=\"font-family: Calibri;\">\u00a0<\/span><strong><span style=\"font-family: 'Calibri',sans-serif;\">Kurszeiten: <\/span><\/strong><span style=\"font-family: Calibri;\">9 Uhr \u2013 12 Uhr und 13 Uhr \u2013 16 Uhr<\/span>\r\n\r\n<strong><span style=\"color: #454545; font-family: 'Calibri',sans-serif; font-size: 12pt;\">Kursgeb\u00fchr: 75 \u20ac<\/span><\/strong>\r\n<p style=\"text-align: center;\"><strong><span style=\"color: #993366; font-family: 'Calibri',sans-serif; font-size: 14pt;\">Wochenend \u2013 Powerworkshop Reliefspitze<\/span><\/strong><\/p>\r\n<p style=\"text-align: center;\"><span style=\"font-family: Calibri;\"><strong>Kurstermin<\/strong>: 16.09.\/ 17.09.2017 <em>Anmeldeschluss: 01.09.2017<\/em><\/span><\/p>\r\n<span style=\"font-family: Calibri;\">Geeignet ist der Kurs f\u00fcr Fortgeschrittene. Kl\u00f6ppelspitze ist sehr vielf\u00e4ltig. Eine meiner Lieblingsspitzen ist die Reliefspitze. Mit dieser Technik lassen sich traditionelle und moderne Muster arbeiten. Achtung! Es wird mit einer Garnst\u00e4rke von ca dD 16 gearbeitet ( DMC: \u201eBroder-Machine\u201c Nr. 50, Scharlaeken \u201eEgyptisch Katoen\u201c Ne.60, \u201eBouc\u201c Leinen 120\/2 z.B. )<\/span>\r\n\r\n<span style=\"font-family: Calibri;\">\u00a0<\/span><strong><span style=\"font-family: 'Calibri',sans-serif;\">Kurszeiten: <\/span><\/strong><span style=\"font-family: Calibri;\">9 Uhr \u2013 12 Uhr und 13 Uhr \u2013 16 Uhr<\/span>\r\n\r\n<strong><span style=\"color: #454545; font-family: 'Calibri',sans-serif; font-size: 12pt;\">Kursgeb\u00fchr: 75 \u20ac<\/span><\/strong>\r\n<p style=\"text-align: center;\"><strong><span style=\"color: #993366; font-family: 'Calibri',sans-serif; font-size: 14pt;\">Wochenend \u2013 Powerworkshop Guipure<\/span><\/strong><\/p>\r\n<p style=\"text-align: center;\"><span style=\"font-family: Calibri;\"><strong>Kurstermin:<\/strong> 07.10.\/ 08.10.2017 <em>Anmeldeschluss: 22.09.2017<\/em><\/span><\/p>\r\n<span style=\"font-family: Calibri;\">Geeignet ist der Kurs f\u00fcr Fortgeschrittene und ambitionierte Anf\u00e4nger. Guipure ist eine Technik mit vielen Verbindungen und Formenschl\u00e4gen. <\/span>\r\n\r\n<strong><span style=\"font-family: 'Calibri',sans-serif;\">Kurszeiten: <\/span><\/strong><span style=\"font-family: Calibri;\">9 Uhr \u2013 12 Uhr und 13 Uhr \u2013 16 Uhr<\/span>\r\n\r\n<strong><span style=\"color: #454545; font-family: 'Calibri',sans-serif; font-size: 12pt;\">Kursgeb\u00fchr: 75 \u20ac<\/span><\/strong>\r\n<p style=\"text-align: center;\"><strong><span style=\"color: #993366; font-family: 'Calibri',sans-serif; font-size: 14pt;\">Wochenend \u2013 Powerworkshop \u201eWeihnachten\u201c<\/span><\/strong><\/p>\r\n<p style=\"text-align: center;\"><strong>Kurstermin:<\/strong> 18.11.\/ 19.11.2017 <em>Anmeldeschluss: 03.11.2017<\/em><\/p>\r\n<span style=\"font-family: Calibri;\">Geeignet ist der Kurs f\u00fcr Anf\u00e4nger und Fortgeschrittene. Weihnachten steht vor der T\u00fcr. Wir haben viele Muster aus denen Sie das f\u00fcr Sie passende ausw\u00e4hlen k\u00f6nnen. Selbstverst\u00e4ndlich ist dies kein \u201eMuss\u201c Sollten Sie im November schon wieder Lust auf Fr\u00fchling haben &#8211; auch diesem Wunsch k\u00f6nnen wir entsprechen. Auch Fragen zu ihren Kl\u00f6ppelbriefen beantworten wir gerne. Wir werden versuchen individuell auf ihre W\u00fcnsche einzugehen.<\/span>\r\n\r\n<span style=\"font-family: Calibri;\">\u00a0<\/span><strong><span style=\"font-family: 'Calibri',sans-serif;\">Kurszeiten: <\/span><\/strong><span style=\"font-family: Calibri;\">9 Uhr \u2013 12 Uhr und 13 Uhr \u2013 16 Uhr<\/span>\r\n\r\n<span style=\"color: #454545; font-family: 'Calibri',sans-serif; font-size: 12pt;\"><strong><span style=\"color: #555555;\">Kursgeb\u00fchr: 75 \u20ac<\/span><\/strong><\/span>\r\n<p style=\"text-align: center;\"><\/p>\r\n\r\n<div class=\"csRow\" style=\"text-align: center;\">\r\n<div class=\"csColumnGap\" style=\"margin: 0px; padding: 0px; width: 0.52%; float: left;\"><img decoding=\"async\" style=\"border: currentColor;\" src=\"http:\/\/das-kloeppelmuseum.de\/wp-content\/plugins\/advanced-wp-columns\/assets\/js\/plugins\/views\/img\/1x1-pixel.png\" \/><\/div>\r\n<div class=\"csColumnGap\" style=\"margin: 0px; padding: 0px; width: 0.41%; float: left;\"><img decoding=\"async\" style=\"border: currentColor;\" src=\"http:\/\/das-kloeppelmuseum.de\/wp-content\/plugins\/advanced-wp-columns\/assets\/js\/plugins\/views\/img\/1x1-pixel.png\" \/><\/div>\r\n<div class=\"csColumnGap\" style=\"margin: 0px; padding: 0px; width: 0.41%; float: left;\"><\/div>\r\n<div class=\"csColumnGap\" style=\"margin: 0px; padding: 0px; width: 0.52%; float: left;\"><\/div>\r\n<div class=\"csColumnGap\" style=\"margin: 0px; padding: 0px; width: 0.41%; float: left;\"><\/div>\r\n<div style=\"width: 0px; line-height: 0; clear: both; font-size: 0px; float: none; display: block; visibility: hidden;\"><\/div>\r\n<span style=\"color: black; font-family: 'Calibri',sans-serif;\"><span style=\"font-size: medium;\">N\u00e4here Informationen\u00a0 zum Workshop-Ablauf erfragen Sie bitte telefonisch oder per Email.<\/span><\/span>\r\n\r\n<\/div>\r\n<div class=\"csRow\" style=\"text-align: center;\">\r\n<h5>Tel.: 09267 \/ 375<\/h5>\r\n<h5>Fax: 09267 \/ 9144843<\/h5>\r\n<h5 class=\"bodytext\">E-Mail: <a href=\"mailto:DASKloeppelmuseum@gmail.com\"><span style=\"color: #000000;\">DASKloeppelmuseum@gmail.com<\/span><\/a><\/h5>\r\n<\/div>\r\n&nbsp;","protected":false},"excerpt":{"rendered":"<p>DAS Kl\u00f6ppelmuseum veranstaltet Workshops &nbsp; Wochenend \u2013 Powerworkshop &#8220;Natur&#8221; und mehr Kurstermin: 10.06.\/ 11.06.2017 Anmeldeschluss: 26.05.2017 Geeignet ist der Kurs f\u00fcr Fortgeschrittene und Neueinsteiger. Wir kl\u00f6ppeln Muster aus der Natur. Nat\u00fcrlich k\u00f6nnen Sie auch eigene Muster oder \u201eProblemf\u00e4lle\u201c mitbringen. Wir werden versuchen individuell auf ihre W\u00fcnsche einzugehen. Kurszeiten: 9 Uhr \u2013 12 Uhr und 13&hellip;<\/p>\n","protected":false},"author":1,"featured_media":0,"parent":0,"menu_order":0,"comment_status":"closed","ping_status":"closed","template":"","meta":{"footnotes":""},"class_list":["post-1803","page","type-page","status-publish","hentry","no-post-thumbnail","post-grid-2-col","entry"],"_links":{"self":[{"href":"http:\/\/das-kloeppelmuseum.de\/en\/wp-json\/wp\/v2\/pages\/1803","targetHints":{"allow":["GET"]}}],"collection":[{"href":"http:\/\/das-kloeppelmuseum.de\/en\/wp-json\/wp\/v2\/pages"}],"about":[{"href":"http:\/\/das-kloeppelmuseum.de\/en\/wp-json\/wp\/v2\/types\/page"}],"author":[{"embeddable":true,"href":"http:\/\/das-kloeppelmuseum.de\/en\/wp-json\/wp\/v2\/users\/1"}],"replies":[{"embeddable":true,"href":"http:\/\/das-kloeppelmuseum.de\/en\/wp-json\/wp\/v2\/comments?post=1803"}],"version-history":[{"count":47,"href":"http:\/\/das-kloeppelmuseum.de\/en\/wp-json\/wp\/v2\/pages\/1803\/revisions"}],"predecessor-version":[{"id":2407,"href":"http:\/\/das-kloeppelmuseum.de\/en\/wp-json\/wp\/v2\/pages\/1803\/revisions\/2407"}],"wp:attachment":[{"href":"http:\/\/das-kloeppelmuseum.de\/en\/wp-json\/wp\/v2\/media?parent=1803"}],"curies":[{"name":"wp","href":"https:\/\/api.w.org\/{rel}","templated":true}]}}

<h2 style="text-align: center;">DAS Klöppelmuseum veranstaltet Workshops</h2>
&nbsp;
<h3 style="text-align: center;"><span style="color: #993366;"><strong>Wochenend – Powerworkshop &#8220;Natur&#8221; und mehr</strong></span></h3>
<p style="text-align: center;"><strong>Kurstermin:</strong> 10.06./ 11.06.2017 <em>Anmeldeschluss: 26.05.2017</em></p>
Geeignet ist der Kurs für Fortgeschrittene und Neueinsteiger. Wir klöppeln Muster aus der Natur. Natürlich können Sie auch eigene Muster oder „Problemfälle“ mitbringen. Wir werden versuchen individuell auf ihre Wünsche einzugehen.

<strong>Kurszeiten: </strong>9 Uhr – 12 Uhr und 13 Uhr – 16 Uhr

<strong>Kursgebühr: 75 €</strong>
<p style="text-align: center;"><em> </em></p>
<p style="text-align: center;"><strong><span style="color: #993366; font-family: 'Calibri',sans-serif; font-size: 14pt;">Wochenend – Powerworkshop „Schmuck“ </span></strong></p>
<p style="text-align: center;"><strong><span style="color: #454545; font-family: 'Calibri',sans-serif; font-size: 12pt;">Kurstermin:</span></strong><span style="font-family: Calibri;"> 22.07./ 23.07.2017 Anmeldeschluss: 07.07.2017</span></p>
<span style="font-family: Calibri;">Geeignet ist der Kurs für Fortgeschrittene und Neueinsteiger. Schmuckstücke mit und ohne zusätzliches Material. Perlen, Holzstücke, Filz.. der Phantasie sind keine Grenzen gesetzt. Probieren Sie sich aus!</span>

<span style="font-family: Calibri;"> </span><strong><span style="font-family: 'Calibri',sans-serif;">Kurszeiten: </span></strong><span style="font-family: Calibri;">9 Uhr – 12 Uhr und 13 Uhr – 16 Uhr</span>

<strong><span style="color: #454545; font-family: 'Calibri',sans-serif; font-size: 12pt;">Kursgebühr: 75 €</span></strong>
<p style="text-align: center;"><strong><span style="color: #993366; font-family: 'Calibri',sans-serif; font-size: 14pt;">Wochenend – Powerworkshop Reliefspitze</span></strong></p>
<p style="text-align: center;"><span style="font-family: Calibri;"><strong>Kurstermin</strong>: 16.09./ 17.09.2017 <em>Anmeldeschluss: 01.09.2017</em></span></p>
<span style="font-family: Calibri;">Geeignet ist der Kurs für Fortgeschrittene. Klöppelspitze ist sehr vielfältig. Eine meiner Lieblingsspitzen ist die Reliefspitze. Mit dieser Technik lassen sich traditionelle und moderne Muster arbeiten. Achtung! Es wird mit einer Garnstärke von ca dD 16 gearbeitet ( DMC: „Broder-Machine“ Nr. 50, Scharlaeken „Egyptisch Katoen“ Ne.60, „Bouc“ Leinen 120/2 z.B. )</span>

<span style="font-family: Calibri;"> </span><strong><span style="font-family: 'Calibri',sans-serif;">Kurszeiten: </span></strong><span style="font-family: Calibri;">9 Uhr – 12 Uhr und 13 Uhr – 16 Uhr</span>

<strong><span style="color: #454545; font-family: 'Calibri',sans-serif; font-size: 12pt;">Kursgebühr: 75 €</span></strong>
<p style="text-align: center;"><strong><span style="color: #993366; font-family: 'Calibri',sans-serif; font-size: 14pt;">Wochenend – Powerworkshop Guipure</span></strong></p>
<p style="text-align: center;"><span style="font-family: Calibri;"><strong>Kurstermin:</strong> 07.10./ 08.10.2017 <em>Anmeldeschluss: 22.09.2017</em></span></p>
<span style="font-family: Calibri;">Geeignet ist der Kurs für Fortgeschrittene und ambitionierte Anfänger. Guipure ist eine Technik mit vielen Verbindungen und Formenschlägen. </span>

<strong><span style="font-family: 'Calibri',sans-serif;">Kurszeiten: </span></strong><span style="font-family: Calibri;">9 Uhr – 12 Uhr und 13 Uhr – 16 Uhr</span>

<strong><span style="color: #454545; font-family: 'Calibri',sans-serif; font-size: 12pt;">Kursgebühr: 75 €</span></strong>
<p style="text-align: center;"><strong><span style="color: #993366; font-family: 'Calibri',sans-serif; font-size: 14pt;">Wochenend – Powerworkshop „Weihnachten“</span></strong></p>
<p style="text-align: center;"><strong>Kurstermin:</strong> 18.11./ 19.11.2017 <em>Anmeldeschluss: 03.11.2017</em></p>
<span style="font-family: Calibri;">Geeignet ist der Kurs für Anfänger und Fortgeschrittene. Weihnachten steht vor der Tür. Wir haben viele Muster aus denen Sie das für Sie passende auswählen können. Selbstverständlich ist dies kein „Muss“ Sollten Sie im November schon wieder Lust auf Frühling haben &#8211; auch diesem Wunsch können wir entsprechen. Auch Fragen zu ihren Klöppelbriefen beantworten wir gerne. Wir werden versuchen individuell auf ihre Wünsche einzugehen.</span>

<span style="font-family: Calibri;"> </span><strong><span style="font-family: 'Calibri',sans-serif;">Kurszeiten: </span></strong><span style="font-family: Calibri;">9 Uhr – 12 Uhr und 13 Uhr – 16 Uhr</span>

<span style="color: #454545; font-family: 'Calibri',sans-serif; font-size: 12pt;"><strong><span style="color: #555555;">Kursgebühr: 75 €</span></strong></span>
<p style="text-align: center;"></p>

<div class="csRow" style="text-align: center;">
<div class="csColumnGap" style="margin: 0px; padding: 0px; width: 0.52%; float: left;"><img decoding="async" style="border: currentColor;" src="http://das-kloeppelmuseum.de/wp-content/plugins/advanced-wp-columns/assets/js/plugins/views/img/1x1-pixel.png" /></div>
<div class="csColumnGap" style="margin: 0px; padding: 0px; width: 0.41%; float: left;"><img decoding="async" style="border: currentColor;" src="http://das-kloeppelmuseum.de/wp-content/plugins/advanced-wp-columns/assets/js/plugins/views/img/1x1-pixel.png" /></div>
<div class="csColumnGap" style="margin: 0px; padding: 0px; width: 0.41%; float: left;"></div>
<div class="csColumnGap" style="margin: 0px; padding: 0px; width: 0.52%; float: left;"></div>
<div class="csColumnGap" style="margin: 0px; padding: 0px; width: 0.41%; float: left;"></div>
<div style="width: 0px; line-height: 0; clear: both; font-size: 0px; float: none; display: block; visibility: hidden;"></div>
<span style="color: black; font-family: 'Calibri',sans-serif;"><span style="font-size: medium;">Nähere Informationen  zum Workshop-Ablauf erfragen Sie bitte telefonisch oder per Email.</span></span>

</div>
<div class="csRow" style="text-align: center;">
<h5>Tel.: 09267 / 375</h5>
<h5>Fax: 09267 / 9144843</h5>
<h5 class="bodytext">E-Mail: <a href="mailto:DASKloeppelmuseum@gmail.com"><span style="color: #000000;">DASKloeppelmuseum@gmail.com</span></a></h5>
</div>
&nbsp;

<p>DAS Klöppelmuseum veranstaltet Workshops &nbsp; Wochenend – Powerworkshop &#8220;Natur&#8221; und mehr Kurstermin: 10.06./ 11.06.2017 Anmeldeschluss: 26.05.2017 Geeignet ist der Kurs für Fortgeschrittene und Neueinsteiger. Wir klöppeln Muster aus der Natur. Natürlich können Sie auch eigene Muster oder „Problemfälle“ mitbringen. Wir werden versuchen individuell auf ihre Wünsche einzugehen. Kurszeiten: 9 Uhr – 12 Uhr und 13&hellip;</p>
